of b(-19)?
7
What is the units digit of ((-246)/15)/(109/(-236530))?
8
Let y = -80 + 26. Let h = y + 161. Let m = 206 - h. What is the tens digit of m?
9
Let d(o) = -o**2 + o - 1. Let a(r) = 11*r**2 + 13*r - 1. Let x be 17/17 + (-1)/((-2)/10). Let f(t) = x*d(t) + a(t). What is the units digit of f(-8)?
1
Suppose 311*j - 144760 = 267*j. What is the units digit of j?
0
Let x = -82 + 142. Let u = x + -66. What is the units digit of u*(0 + (-28)/4)?
2
Let u = -197 + 207. Let i(g) = g**3 - 10*g**2 + 9*g + 21. What is the units digit of i(u)?
1
Suppose 0 = -5*b - 186 - 89. Let k be 158/((-1)/2*-2). Let p = b + k. What is the hundreds digit of p?
1
Let w(i) = 23*i**2 + 22*i + 32. Let r be w(-16). Suppose -46*n = -30*n - r. What is the hundreds digit of n?
3
Let r(b) = b - 5. Let x = -31 - -44. Let l be r(x). Suppose 2*w = l*w - 54. What is the units digit of w?
9
Let v(o) = o**3 + 9*o**2 - o - 9. Let u be v(-9). Suppose -3*j - 4*j + 105 = u. What is the units digit of j?
5
Suppose 14 = 2*f + 8. Suppose 2*i = -4*w + 910, -5*i = -w + f*w - 467. Suppose -3*j + 481 = -2*l - w, -4*l = 4*j - 976. What is the tens digit of j?
3
What is the tens digit of 431790/74 + (3 - 2)?
3
Suppose -5*d + 50672 = 3*c, -9*d - 4*c - 40544 = -13*d. What is the thousands digit of d?
0
Let y = -3899 + 4161. What is the hundreds digit of y?
2
Let l = 9068 + -895. What is the hundreds digit of l?
1
Suppose -28 - 42 = -14*u. Suppose 4*s - 3146 = u*r, 2369 = 7*s - 4*s + r. What is the hundreds digit of s?
7
Let y(j) = -5*j + 29. Let a be y(5). Suppose 0*q - 1722 = -a*f + 2*q, 1720 = 4*f - 4*q. What is the units digit of f?
1
Let y(c) = 123*c + 480. What is the units digit of y(8)?
4
Let j = -627 + 3221. What is the hundreds digit of j?
5
Let q be ((4 - 2) + (-47)/2)*-4. Let f = q + -86. Suppose 0 = -5*r - f*r + 1075. What is the units digit of r?
5
Let u(c) = -8*c - 14. Let s be u(-2). Let a be -8 + (s - 9/3)/1. Let q(j) = 3*j**2 + 20*j + 2. What is the tens digit of q(a)?
6
Suppose 21*d - 24*d + 2919 = 0. Let o = 1678 - d. What is the hundreds digit of o?
7
Let u(r) = 15042*r - 7741. What is the hundreds digit of u(2)?
3
What is the units digit of (-37)/((-9435)/34) + ((-52616)/(-30) - -2)?
6
Suppose -199219 + 3354 = -22*t + 846517. What is the thousands digit of t?
7
Let d(g) = -g**2 - g - 1. Let i(b) = -b**3 + b**2 + 8*b + 7. Let r(v) = -4*d(v) + i(v). Let z be r(7). What is the tens digit of ((-76)/z)/((-28)/(-6) + -4)?
3
Let g = 705 - -2361. Suppose 4*j = -3*h + 6111, 8*h - g = -2*j + 10*h. What is the units digit of j?
0
Let x(b) = 1572*b - 144. Let w be x(7). Suppose w = 5*k + 3270. What is the thousands digit of k?
1
Let b(y) = 3*y**2 + 19*y + 26788. What is the thousands digit of b(0)?
6
Let w = 117883 + -42272. What is the ten thousands digit of w?
7
Suppose 8*f + 5057 = 36*f - 35795. What is the hundreds digit of f?
4
Let r = 1373 + 2293. What is the units digit of r?
6
Let c = -503 + 908. Suppose -15*r + c = -10*r. Suppose 0 = -3*v + r + 135. What is the tens digit of v?
7
Let w be (1*5)/(72/(-8) + 10). Suppose 445 = w*j + 5*g, 270 = 5*j - 2*j + 4*g. What is the units digit of j?
6
Suppose 244 = 2*n + s, -n + 5*n - 502 = 5*s. Suppose 3*q - n - 138 = 0. Let l = -56 + q. What is the tens digit of l?
3
Let s be (3 - 5)*(1 + 13/2). What is the tens digit of 8*(-3)/s*65?
0
Let o(x) = -39*x**3 - 24*x**2 - 14*x - 62. What is the units digit of o(-7)?
7
Let d be 16/3*(75/(-10) + 3). Let z(c) = -19*c - 173. What is the hundreds digit of z(d)?
2
Suppose 4*o = -4*b + 13004, -4*o - 8076 = -4*b + 4952. What is the thousands digit of b?
3
Let q = -7952 + 57970. What is the units digit of q?
8
Let v(c) = c**3 + 4*c**2 - 11*c - 7. Let d = -109 + 115. What is the tens digit of v(d)?
8
Let h(n) = -39*n**3 - n + 1. Let u(g) = -g**3 + 2*g**2 + g - 2. Let l be u(0). Let z be h(l). Let b = z - 216. What is the units digit of b?
9
Let w(y) = 710*y**2 + 240*y - 7. What is the hundreds digit of w(-4)?
3
Suppose 2*t - 5*b + 5 = 4*t, 3*t - 18 = 3*b. Suppose p - 259 = -r, -4*r = -t*p + 948 + 338. Suppose -34*a = -32*a - p. What is the hundreds digit of a?
1
Suppose -5*r - 14 = -v, 2 = v + 6*r - 5*r. What is the units digit of (-90)/36*-9*(-2 + v)?
5
Suppose 0 = 5*k - 2*m - 664, 0 = -5*k - 3*m + 320 + 359. Let r = -63 + k. What is the units digit of r?
1
Let u be 4 + 6/12*-2. What is the hundreds digit of 3246*20/8*u/15?
6
Let l(t) = t**2 - 9. Let d be l(3). Suppose 2*n + 5*k + 113 = 0, -5*n + 5*k - 265 = -d*n. Let f = n + 152. What is the units digit of f?
8
Let v = -2130 - -9701. What is the hundreds digit of v?
5
Suppose 3*q - 366 = 396. Suppose -q = -643*n + 642*n. What is the hundreds digit of n?
2
Suppose -46*g - 189258 = -51*g + k, -3*k - 151413 = -4*g. What is the units digit of g?
1
Suppose 0 = a + 4*f - 33844, 0 = -3*a - 4*f + 87890 + 13578. What is the tens digit of a?
1
Let i(p) = p**2 + 10*p + 376. What is the thousands digit of i(27)?
1
Suppose -7*n + 155 = 64. Let r = -440 - -815. Suppose -n*t = -18*t + r. What is the units digit of t?
5
Let w(b) = 2*b - 13. Let z be w(8). Let i be 2/(4 - z) - 1 - -63. Let o = -54 + i. What is the tens digit of o?
1
Let z be -3*1*(-28)/(-21) + 7. Suppose 6*w - z*n - 22 = w, -4*w - n + 4 = 0. Suppose 25 + 26 = 5*q + 4*d, w*q - 5*d - 27 = 0. What is the tens digit of q?
1
Suppose 10*q + 34 - 114 = 0. Suppose -q*b + 12*b - 8 = 0. Suppose 4*s - k = 14, 0 = -k - 0*k + b. What is the units digit of s?
4
Let l be 0 + (-75)/(-27) - 6/(-27). Let u(w) = 5*w - l*w - 8*w + 171*w**2 + 4*w. What is the tens digit of u(1)?
6
Suppose 3716 = 5*a - 3*f, -4*a - 6*f = -3*f - 2989. Let n = a + -409. What is the tens digit of n?
3
Suppose -3*b = -25 - 713. Suppose -11*m + 1368 = -359. Let l = b - m. What is the units digit of l?
9
Let a = 789 + -575. Suppose 4*i + 0*s = -2*s + a, 4*s = i - 31. What is the units digit of i?
1
Let w(y) = y**3 + 9*y**2 + 2*y + 14. Let f be w(-9). What is the tens digit of -3 + (-52)/(-1) + f?
4
What is the tens digit of 2/8 - ((-9763)/4 - (-21)/(-3))?
4
Let s = 27048 + 6067. What is the tens digit of s?
1
Let i be (-4 - (3 + -12)) + -7. Let x be (73 - 0)/((6/i)/(-3)). Suppose x*w - 107 = 72*w. What is the hundreds digit of w?
1
Let j(h) be the first derivative of -25*h**2 + 19*h - 101. What is the units digit of j(-7)?
9
Let a be (-706)/14 + 21/49. Let j = a - 3. Let q = 134 + j. What is the units digit of q?
1
Suppose 7*u - 6*u = -2*q + 63686, 0 = -4*q - 12. What is the ten thousands digit of u?
6
What is the thousands digit of 2517 - 27 - (4 + -16)?
2
Let n(f) = 730*f**2 - 26*f - 16. What is the tens digit of n(-5)?
6
Let l be ((-8)/10)/((-52)/38480). Let p = 2100 - l. What is the units digit of p?
8
Suppose -3*m - 4*o = -18836, 0 = -2*m + 3*o + 6477 + 6103. What is the units digit of m?
4
Suppose -14522 = -635*p + 633*p. What is the units digit of p?
1
Let t be (-310)/8 - 9/36. Let d be (-218)/(-12)*2*t/(-13). Suppose 0 = -h + a + 3*a + 109, 0 = -h + 2*a + d. What is the units digit of h?
9
Suppose -9*s = -4*s - 325. Let h = -67 + s. What is the tens digit of (95/h)/((-4)/8)?
9
Let a = -3957 + 1539. Let l = 3448 + a. What is the thousands digit of l?
1
Let w(y) = 13*y**2 + 8*y - 20. Let l(s) = s**2 - 61. Let t be l(8). What is the units digit of w(t)?
1
What is the tens digit of (-12)/60*-5*2850?
5
Let w(f) = 709*f**3 - 11*f**2 + f + 12. What is the units digit of w(3)?
9
Let h(f) = f**3 - 11*f**2 + 4*f + 1. Let z(q) = q**3 - 10*q**2 + 2*q + 2. Let l(m) = 3*h(m) - 4*z(m). Let y be -2*2*(-7)/4. What is the tens digit of l(y)?
2
Let n(i) = -8 - 12*i + 19*i + 55*i + 88*i. Let w(k) = 75*k - 4. Let t(b) = 6*n(b) - 14*w(b). What is the tens digit of t(-2)?
0
Let z(r) = -115*r - 3. Suppose 3*f + 10 = 7. Let s be z(f). Suppose 0 = 8*o - s + 40. What is the units digit of o?
9
Suppose -4*h = -i + 7705, -244*i + 243*i + 7705 = 2*h. What is the thousands digit of i?
7
Let g(v) = 32*v - 22. Let c be g(-22). Let y = c - -1117. What is the tens digit of y?
9
Let g(j) = 1 - 9*j**3 - 6*j**2 - j**2 - 5*j + 6*j**3 + 4. What is the units digit of g(-4)?
5
Suppose d + 228 = 5*d. Suppose 374 = d*z - 55*z. What is the tens digit of z?
8
Let g be ((-8)/18)/((-52)/468). Let t be ((-2)/(-6))/((-2)/(-18)). Suppose -257 = -w + t*r - 53, 0 = 2*w - g*r - 398. W